 Suppose -i - 98 = -n. Calculate the highest common divisor of n and 392.
56
Suppose -57348 = -35*h + 8*h. Suppose -69*j + h = -65*j. What is the highest common factor of j and 59?
59
Suppose -2*s - 3*t + 124 = 0, s - 14 - 46 = -2*t. Let y be (-12 + 2 + 8)*(-19 - (-4)/2). Calculate the greatest common factor of s and y.
34
Suppose -1 = -3*v + 2*w - 2, -4*v - 3 = -3*w. Suppose 5*s = -4*c + 162, -s + 36 = v*c - 3. What is the highest common divisor of 130 and s?
10
Suppose -6*j = 14*j - 240. Let f be 14/j - 1/6 - -15. What is the highest common factor of f and 16?
16
Suppose -4*n + 368 - 32 = 0. Let i be (-210)/n*52/(-10). What is the greatest common divisor of 299 and i?
13
Let b be (11 - 1)*12*(-1457)/(-372). What is the highest common factor of 517 and b?
47
Suppose 30*d - 31604 = 11686. What is the highest common divisor of d and 104?
13
Suppose -8*w + 892 = -268. What is the highest common factor of w and 377?
29
Let u be 18/15 - 205296/(-520). Calculate the greatest common factor of u and 693.
99
Let a(w) = -23*w + 160. Let j be a(7). Let l = 15 + j. Calculate the greatest common divisor of l and 259.
7
Let v = -386 + 135. Let m = v + 306. Calculate the highest common factor of 440 and m.
55
Suppose 104 = a - 27*a. Let h(x) = -8*x**3 - 20*x**2 - 4. Let j be h(a). What is the highest common factor of 4 and j?
4
Let y(i) = -i**3 + 6*i**2 + 16*i - 43. Let t be y(7). Suppose -8*h = -11*h - 21. Let w = 3 - h. What is the highest common factor of w and t?
10
Let s = 2 + 8. Let t = 11 - s. Let f be (-2 - -3)/(t/15). What is the highest common divisor of f and 5?
5
Let t = -117962 - -117973. Suppose 3*a + 0*k - 882 = -3*k, -4*a + 1173 = 5*k. Calculate the highest common divisor of a and t.
11
Suppose -12542 = -3*l - 1982. Suppose -2*w + 13*w - l = 0. Calculate the highest common factor of 10 and w.
10
Suppose 3*a + 458 = 1184. Let d be 16016/770 + (-30)/(-25). Calculate the highest common factor of a and d.
22
Suppose 14*k - 12*k - 18 = 3*d, 0 = -3*k + 5*d + 27. Suppose -184 - 680 = -k*v. What is the greatest common divisor of v and 120?
24
Let v = -60 + 63. Suppose 2*a + 2*m = 114, 0 = -a - 2*a + v*m + 189. What is the highest common divisor of 90 and a?
30
Let y be ((-3)/(-2))/((-2)/(-56)). Let i(c) = 19 + 2 + 3*c - 6 + 24*c**2. Let p be i(-2). Calculate the highest common factor of y and p.
21
Let x = 14100 + -14079. Calculate the greatest common divisor of x and 5180.
7
Suppose -3*y - 2*s = -17851, 2*s + 16811 = 3*y - 1068. What is the greatest common factor of 15 and y?
15
Suppose 11736 = -o + 4*o. Suppose -1812 = -54*u + o. What is the highest common divisor of 742 and u?
106
Let w = 16 - 17. Let d(c) = -1007*c - 31. Let p be d(w). Calculate the highest common divisor of 16 and p.
16
Suppose 29*a = -12*a + 80073. What is the greatest common factor of 27 and a?
9
Let f(y) = -52*y**2 - 30*y + 8. Let l(o) = 17*o**2 + 10*o - 3. Let z(w) = -6*f(w) - 17*l(w). Let b be z(-2). Calculate the greatest common divisor of 15 and b.
15
Let i(n) = n**3 - 6*n**2 + 7*n + 3. Let m be i(5). Suppose 20 = 5*o, m*z = 15*z - 2*o - 424. What is the greatest common divisor of z and 12?
12
Let p(w) = w**2 + 5*w - 2. Let d be p(5). Let l be 3468/d + 1/(-4). Suppose -3*a + l = a. Calculate the greatest common factor of a and 126.
18
Let b = 16 + -20. Let y be (-11 + 9)/((-2)/b). Let u = y + 22. Calculate the greatest common factor of 27 and u.
9
Let g be 1 - 0 - ((-4 - 0) + -2). Let d(i) = i**3 + 18*i**2 - 2*i + 7. Let n be d(-18). Suppose -8*c = -13 - n. What is the greatest common factor of g and c?
7
Let l(a) = 22*a - 128. Suppose 4*h + 5*x = 53, -2*x = -33 + 23. Let k be l(h). What is the greatest common divisor of 39 and k?
13
Suppose g - z = 4, -3*z - 21 = -283*g + 279*g. What is the greatest common factor of 29 and g?
1
Let x = -894 - -996. Suppose -3*h - x = -5*h. Calculate the greatest common divisor of h and 459.
51
Let t = -20 - -23. Suppose 4*h + 5 = -2*y - t, 0 = 4*y - h - 20. Calculate the greatest common factor of y and 36.
4
Suppose 0 = 15*t - 184 - 191. Suppose 0 = -i - 0*i - 150. Let y be (-5 + 1)*i/24. What is the greatest common divisor of t and y?
25
Let t(k) = 41*k + 904. Let w be t(-20). What is the highest common factor of w and 2688?
84
Let h be 2/(-4) + (-1803)/12*-2. Suppose -5*k + h = k. What is the greatest common factor of k and 250?
50
Let p(q) = -4*q. Let m be p(3). Let i(d) = -d**3 - 13*d**2 - 14*d + 2. Let w be i(m). Let t be 3/1 + 1143/9. What is the greatest common divisor of w and t?
26
Let v(m) = m**2 + 16*m + 65. Let s be v(-9). Suppose -247 = -5*f - 6*q + 2*q, -s*q = -4*f + 182. Calculate the highest common factor of f and 94.
47
Let p(n) = 3*n**3 + 15*n**2 - 4*n - 4. Let y be p(-5). Let k be (24/(-5))/(y/(-200)). What is the greatest common factor of 135 and k?
15
Let v = -4838 + 5540. Calculate the highest common divisor of v and 1248.
78
Let l = 1304 + -1261. Let y be (-26)/(-6) - (-2)/3. Suppose -3*a = 2*h - 26, y*a + 2*h = -h + l. Calculate the highest common divisor of 88 and a.
8
Suppose 2*b + 3*a + 18 = 69, -4*a = -20. Suppose 4*v - 3*c = 83, 1 + b = v + c. Let p be ((-5)/2)/(((-8)/16)/1). What is the highest common factor of p and v?
5
Suppose 286*a - 282*a = -5*r + 24623, -5*r + 2*a = -24641. What is the highest common divisor of r and 13?
13
Let w = 465 - 387. Suppose -17*u + p - 30 = -18*u, -w = -3*u + 3*p. What is the highest common factor of u and 12?
4
Let k(f) = -609*f + 4877. Let d be k(8). Let c(t) = -2*t**2 + 4 + 3*t**2 + 7*t + 3. Let s be c(-6). Calculate the highest common factor of d and s.
1
Let o be (154/14 + 200)*-1*2*-1. Calculate the highest common factor of o and 2.
2
Suppose 495*b = 74583 + 23893 - 14326. Calculate the greatest common divisor of 28475 and b.
85
Suppose 12*s = 8*s + 4. Let g be ((-15)/(-10))/((-3)/(-2)). Let z be 2/(-2)*(g - 8). Calculate the highest common divisor of s and z.
1
Let j be 3*4*70/210. Let i(c) = 3*c - 10. Let k be i(12). What is the highest common factor of j and k?
2
Let n(y) be the second derivative of 5*y**3/3 - 124*y**2 - 20*y - 1. Let c be n(38). What is the highest common factor of 44 and c?
44
Suppose 0 = 2*b - 0*a + 4*a - 74, a - 113 = -4*b. Suppose -4*k + 4*c = -168, -5*c = 3*k - b - 99. What is the highest common factor of k and 112?
14
Let o(l) = -1107*l + 2467. Let p be o(2). What is the highest common factor of 299 and p?
23
Suppose 3*k = 227 - 74. Let i be 3/(((-120)/4190)/(-4)). Let p = i + -385. Calculate the greatest common factor of p and k.
17
Suppose -1550*u + 5754 = -762*u - 774*u. Calculate the highest common divisor of 27 and u.
3
Let w(s) = -2*s**2 - 21*s - 11. Let n be w(-8). Suppose -1494 = j + 1383. Let g be 2/(-11) - (0 - j/(-33)). Calculate the highest common divisor of g and n.
29
Let c be 448/24*(-2)/(-4)*3. Suppose 0 = -4*w + 4*u + 72, -c*w + 26*w + 5*u = -27. Calculate the highest common factor of 35 and w.
7
Let t = -42933 - -42949. What is the greatest common factor of t and 648?
8
Suppose -2*x + 3*l = -2*l - 131, 3*x + l = 154. Let a = x + -56. Let f(o) = 4*o**2 - 5*o - 6. Let n be f(a). Calculate the highest common divisor of 9 and n.
9
Let m(g) = -g**2 - 6*g + 21. Let p be m(-7). Let w = 2809 + -2319. What is the greatest common divisor of p and w?
14
Suppose 3*c - 138 + 3 = 0. Let x be (-3)/8 - (109 + (-72580)/608). What is the highest common divisor of x and c?
5
Suppose -4*q = y - 41, 3*q - 21*y + 26*y = 52. Let m be (-3)/(-12) + 146/(-8). Let i = m - -27. What is the highest common divisor of q and i?
9
Suppose -40 = -2*r + 5*q + 79, -55 = -r + q. Suppose -230 - 276 = -11*p. Let u = r - p. What is the greatest common factor of u and 66?
6
Suppose 5*m = -9 + 89. Suppose 558*o - 288*o + 612*o - 8820 = 0. Calculate the highest common divisor of m and o.
2
Let z = 5029 - 684. What is the greatest common factor of 55 and z?
55
Let n be (-1)/2 - 50/(-4). Suppose 173 = -29*p + 173. Suppose -n = -s - 2*s, 2*f - s - 28 = p. What is the greatest common divisor of 64 and f?
16
Let a = 13953 + -13951. Calculate the highest common divisor of a and 446.
2
Suppose 2*r = -5 - 13. Let i(y) = -y - 2. Let o be i(r). Suppose 0 = -o*v - 144 + 417. Calculate the highest common factor of 39 and v.
39
Let p(c) = -16 - 1 - 7 + 31*c. Let a(y) = 21*y 